 Give k(2).
0
Let r = -7 + 9. Let m(w) = -r + 2 + w. Determine m(1).
1
Let o(l) be the second derivative of l**4/6 + l**2/2 - 19*l. Calculate o(-2).
9
Let r be (2 + -5)/3 + 3. Suppose -12 = -5*w - 3*b, w + 3*w = r*b + 14. Let g(a) = a**3 - a**2 - 3*a - 4. Determine g(w).
5
Suppose s - 5 = 0, -1 = 4*x + 4*s - s. Let t(r) = -r**3 - 3*r**2 + 2*r. Determine t(x).
8
Let v = 3 + -6. Let b(m) = -2*m**2 - 2*m - 1. Determine b(v).
-13
Suppose 6*z - 15 = z. Let r(h) = h + 1. Determine r(z).
4
Suppose -2*j = -6 - 0. Suppose b + 2*b = -2*s + 2, 3*b + j*s - 3 = 0. Let o(g) = 2*g + 0*g - 3*g - 4. Give o(b).
-4
Let o(k) = -k. Suppose -28 - 74 = -3*p. Suppose -p = 4*d + 2*z, -24 = 3*d + z + z. Let h = d + 15. What is o(h)?
-5
Let l(c) = 2*c**3 + 7*c**2 - c**3 - 44 + 44 + 3*c. Give l(-6).
18
Let r(n) = n - 1. Let y(w) be the first derivative of 3*w**2/2 + 2*w + 3. Let p(k) = -2*r(k) + y(k). What is p(-4)?
0
Let c(z) = -z**3 - z**2 - 3*z - 3. Let b be (-4)/3*(-9)/(-6). Give c(b).
7
Let b(m) be the third derivative of m**4/24 + m**3/6 + m**2. Let f be (96/(-30))/(4/(-10)). Let v = f - 3. What is b(v)?
6
Let q(t) = t**2 - 3*t - 1. Let c(j) = 4*j**2 + j. Let x be c(-1). Give q(x).
-1
Let l(p) be the first derivative of 5*p**2/2 - p - 42. Give l(-1).
-6
Let a(v) = -v**3 - 15*v**2 - 20*v + 11. Let z be a(-14). Let u be z/25 - (-2)/10. Let h(o) = o**3 - 5*o**2 + 6*o - 6. Determine h(u).
2
Let b(d) = d + 8. Suppose -3*r - 12 = -2*f + 4*f, -2*f - 2*r = 12. Determine b(f).
2
Let k(d) be the second derivative of 1/2*d**2 + 0*d**3 - 2*d + 1/2*d**4 - 1/20*d**5 + 0. Determine k(6).
1
Let r(m) = -m**2 - m - 5. Suppose -g = 3*g. Determine r(g).
-5
Let p(y) = -y**2 + 15*y - 26. Let d be p(13). Let l(q) = q + 11. Determine l(d).
11
Let z(r) = r**3 + 2*r**2 - 3*r + 2. Suppose 16 = -4*q + b + 2, -2*q - 2 = 2*b. Give z(q).
2
Let n(d) = d**2 - 8*d + 3. Let k be 126/140*(-2)/(-3)*10. What is n(k)?
-9
Let u(b) = -7*b**3 - 2 + 7 - 7*b + 6*b**3 - 9*b**2. Determine u(-8).
-3
Let y(t) = -2*t - 14. Let j be y(-6). Let s(f) = 2*f**2 + 3*f. What is s(j)?
2
Suppose 5*w - 50 = -5*k, 3*w + 14 = 5*k + 4. Let p(c) = c**2 - 4*c + 1. What is p(k)?
6
Let c(g) be the second derivative of g**5/20 - 3*g**4/4 + 5*g**3/3 - 7*g**2/2 + 3*g - 9. What is c(8)?
9
Suppose -5*k + 127 = 27. Suppose 4*f = -8 + k. Let z(j) be the third derivative of -j**4/24 + 2*j**3/3 + j**2. Determine z(f).
1
Suppose o = -4*o. Let v = o + 0. Suppose 2*r = -0*r - g, 3*r - 4*g + 11 = v. Let a(p) = -7*p**3 + p. Determine a(r).
6
Let y(h) = -h + 10. Let u be y(8). Let k(g) = 5*g. What is k(u)?
10
Let r(a) = -a**3 - 4*a**2 - 2*a - 2. Let u be r(-4). Let i(l) = 0*l - u*l + 5*l. Determine i(-7).
7
Suppose -8 = -2*i + u, 0*u - 12 = 3*u. Suppose -7*s + 4*r + 22 = -i*s, -3*s + 24 = 3*r. Let w(v) = -v**2 + 6*v - 4. Give w(s).
-4
Let l(t) = -2 + 3 - 7 - t**2 - 5*t. Let q = -49 + 44. What is l(q)?
-6
Let o(r) = 9*r**2 - 2*r - 4. Let k(q) = -1. Let s(m) = 5*k(m) - o(m). Give s(1).
-8
Let s(g) = g + 10. Let a be s(-5). Let l be (-1)/(2/(-6)*1). Suppose a*y + r - 5 = -4*r, l*r + 6 = 0. Let k(c) = c**3 - 4*c**2 + 2*c - 4. What is k(y)?
-7
Let n(i) be the first derivative of 3*i**2 + 53. Calculate n(2).
12
Let y = -3 - -9. Let h(f) = -3 - 4*f + y*f + f. What is h(2)?
3
Let p(h) = 2*h**2 - 3*h + 1. Let l be p(2). Let r(q) = -q - 12. Let o(i) = -2*i - 28. Let s(d) = -6*o(d) + 14*r(d). Give s(l).
-6
Let z(a) = -a**3 - 5*a**2 - 3*a - 2. Let j be (-20)/16*-3*4. Let g be (-63)/j + 4/20. Determine z(g).
-6
Let h(a) be the third derivative of -a**5/60 - a**4/24 + a**3/6 + 18*a**2. Determine h(2).
-5
Let o(v) = v**3 + 5*v**2 + 5*v + 3. Suppose 5*c + 1 = -19. Let n be o(c). Let p(z) = -5*z**2 + 1. What is p(n)?
-4
Suppose 3*l + 27 = 4*w, 5*w + 4*l = 3*w - 14. Let h = -1 + w. Suppose -h*x = -5*f + 12, -2*f + 24 = 4*x - 0*x. Let z(q) = q**2 - q - 4. What is z(x)?
8
Suppose 2*o = 4*o + 4. Let i(l) be the third derivative of 1/3*l**3 + 1/4*l**4 + l**2 + 0 + 0*l. Give i(o).
-10
Let x(k) = 4*k**2 + 2*k - 12. Let y(i) = 9*i**2 + 3*i - 25. Let n(m) = 7*x(m) - 3*y(m). What is n(-7)?
5
Let v(b) = -b - 1. Let o(k) = k**2 + 8*k + 4. Let i(c) = -o(c) - 3*v(c). Let q(g) = -g**2 - 1. Let f be q(-2). What is i(f)?
-1
Let n(y) = 5*y. Suppose -3*m - g = 4, -4*m = -g - g + 12. Determine n(m).
-10
Let p(l) = l**2 + 2*l - 5. Suppose -3*r - 3 = 0, -4*u = 3*r - 14 + 5. Suppose -7 = -y + 4*v, -u*v - 8 - 1 = 0. What is p(y)?
10
Let q(f) = f**3 + 5*f**2 + 2*f - 5. Let m = -45 - -66. Suppose 6*j + m = 3*j. Let r = 3 + j. What is q(r)?
3
Let h(f) be the second derivative of f**3/2 - f**2/2 + 20*f. Give h(5).
14
Let f(n) = n**3 + 5*n**2 + 6*n - 4. Let k(h) = -h**3 - 4*h**2 - 5*h + 3. Let x(m) = 6*f(m) + 7*k(m). Calculate x(3).
-9
Let g be 4/(40/(-22))*-5. Suppose 0 = -x + 6*a - 2*a + g, -5*x - 5*a = 20. Let s(o) = -4*o - 1. Let r(m) = m. Let w(f) = -3*r(f) - s(f). What is w(x)?
0
Let a(y) = y + 4. Let c be a(-5). Let u(k) = -2*k. Let v(x) = -52 + 52 - 2*x. Let j(f) = -3*u(f) + 2*v(f). Give j(c).
-2
Let z(c) = -2*c**2 + 7*c - 4. Let u = 5 + -6. Let p = u + 2. Let v be -1*(0 - (p - -3)). Give z(v).
-8
Let g(k) = 5. Suppose 0 = -r - v - 3 + 2, 3*r - 5*v + 19 = 0. Let b(o) = o - 10. Let h(l) = r*b(l) - 5*g(l). What is h(4)?
-7
Let f(a) = 1. Let o(s) = -2*s + 1. Let p(i) = 2*f(i) - o(i). What is p(1)?
3
Let u(h) = -h**3 + h + 4. Let n = 1 - 1. Suppose -2*l = 3*m + 9, 0 = 4*l + m - 3 + 6. Suppose n = -l*i + i. What is u(i)?
4
Let h(o) = o - 1. Let n be h(-3). Let i(z) be the third derivative of z**5/60 + z**4/12 - z**3/6 + 2*z**2. Determine i(n).
7
Suppose 7*u - 6 = 9*u. Let x(t) = -2*t + 2. What is x(u)?
8
Let v be (6/(-9))/(8/60). Let m(d) = d + 3 + 3 - 2. What is m(v)?
-1
Let f(l) = -l**3 - 5*l**2 - 3*l + 1. Suppose 3*q - 16 = 5*z - z, 2*q + 16 = -4*z. What is f(z)?
-3
Let q be 4 - ((-1 - -1) + -2). Let a = -4 - -3. Let d = a + q. Let r(h) = h**3 - 4*h**2 - 5*h - 4. Determine r(d).
-4
Let t(g) be the third derivative of -g**6/120 - g**5/60 - g**4/12 - g**3/6 + 3*g**2. Determine t(-1).
1
Let z(b) = -2*b + 2. Let o be z(4). Let j = o + 36. Let a(y) = 7*y + y**2 + j + y**2 - y**2 - 24. What is a(-5)?
-4
Let p(o) = 2*o. Let b be p(1). Let u(v) = v**3 + 0*v**b + v - 5*v**2 - 6*v - 4. Calculate u(6).
2
Let n(l) = -l. Let x(h) = 4*h - 5. Let z(v) = v - 1. Let i(s) = 3*x(s) - 15*z(s). Let t(d) = -6*i(d) + 17*n(d). Determine t(-4).
-4
Let c(n) be the second derivative of -n**4/12 - 4*n**3/3 + 7*n**2/2 - 10*n. What is c(-8)?
7
Suppose 1 - 17 = -4*l. Let p(w) = 2*w**3 - 4 - 8*w**2 + 2*w**3 + 5*w - 5*w**3 + l*w**2. Calculate p(-5).
-4
Let r(v) = v**3 + 5*v**2 - 7*v + 11. Let y(t) = t**3 + 5*t**2 - 6*t + 10. Let a(k) = -2*r(k) + 3*y(k). What is a(-6)?
-4
Let m(o) = -3*o**2 + 2. Let q(g) = -2*g**2 + 2. Let j(c) = 3*m(c) - 4*q(c). Let k = 11 + -9. Calculate j(k).
-6
Let m(u) = 8*u**2 + 6 + u - 2 - 6 + 0. Give m(-2).
28
Let f(t) = 5*t - 3*t + 8 + 4*t - 4*t. Calculate f(-7).
-6
Let r(w) = -3*w**3 - w**2 - 5*w - 1. Let o(i) = -i**3 - i + 1. Let l(d) = 4*o(d) - r(d). Let b be l(0). Let u(t) = 2 + 4 + t - b - t**2. Give u(-2).
-5
Let r be -2 - 5/(-7) - 6/(-21). Let b(x) = 15*x**2 - x - 1. Give b(r).
15
Let g(u) = -u + 2. Suppose 4*l - 22 = -b - 1, -3*b + 2*l = -21. Let s = b - 4. Calculate g(s).
-3
Let v(c) = -c - 1. Let u(q) = -6*q + 7. Let m(y) = -u(y) + 5*v(y). Suppose -a + 12 = -3*g, 3*a + 4*g + 21 = 5. Give m(a).
-12
Let q(h) = h**3 - 3*h**3 + 4 - 3*h**2 + h**3. Let l(p) = -p**3 + 4*p**2 - p + 1. Let z be l(4). Calculate q(z).
4
Let o(a) be the third derivative of -a**6/120 + a**5/20 + a**4/12 + a**3/2 - 12*a**2. Give o(4).
-5
Let h(c) = -c**2 + 5*c - 4. Let t = 9 + -6. Suppose -4*j = 3*o - 22, j - t*o = 4*j - 18. Let s be (j/(-6))/(10/(-45)). Give h(s).
2
Let t(y) = -y - 10. Let c(s) = s**3 - 9. Let i be c(0). Give t(i).
-1
Suppose 0*b + 16 = -b + 3*c, 5*c = -4*b + 21. Let n(s) = 11*s**3 + s**2 - s - 1. Give n(b).
-10
Let o be 2*((1 - 2) + 2). Let z(q) = -q**2 + 0*q**2 - q**o + 5*q. Let t(x) = -x**2 + x - 1. Let c(i) = 3*t(i) - z(i). What is c(-3)?
-6
Let h(p) = 7*p**2 + 2*p - 1. Let l(g) = g**2 + g + 1. Let n be l(-2). Suppose -x - 13 = n*o + 3*x, -5*o - 7 = 3*x. Give h(o).
8
Let k(l) = -l - 3. Suppose s = 3*v, 5*v = -6*s + 2*s. Suppose 0 = -5*d - v*d - 5. Let y be (-6 - -11)/(0 + d). Give k(y)